t is the tens digit of 2954?
5
What is the units digit of 11889?
9
What is the ten thousands digit of 60448?
6
What is the ten thousands digit of 12769?
1
What is the units digit of 527?
7
What is the units digit of 14129?
9
What is the thousands digit of 5933?
5
What is the ten thousands digit of 47314?
4
What is the units digit of 88153?
3
What is the tens digit of 17953?
5
What is the hundreds digit of 10984?
9
What is the hundreds digit of 1705?
7
What is the tens digit of 29446?
4
What is the units digit of 3805?
5
What is the hundreds digit of 2503?
5
What is the tens digit of 5916?
1
What is the hundreds digit of 328?
3
What is the thousands digit of 74513?
4
What is the tens digit of 2244?
4
What is the hundreds digit of 6473?
4
What is the units digit of 1866?
6
What is the tens digit of 5324?
2
What is the tens digit of 5918?
1
What is the tens digit of 3281?
8
What is the units digit of 2059?
9
What is the hundreds digit of 44760?
7
What is the units digit of 885?
5
What is the thousands digit of 2031?
2
What is the hundreds digit of 583?
5
What is the units digit of 7138?
8
What is the hundreds digit of 3298?
2
What is the thousands digit of 17379?
7
What is the ten thousands digit of 140961?
4
What is the units digit of 1737?
7
What is the hundreds digit of 42518?
5
What is the hundreds digit of 541?
5
What is the thousands digit of 35181?
5
What is the tens digit of 43881?
8
What is the units digit of 3165?
5
What is the thousands digit of 2956?
2
What is the units digit of 126755?
5
What is the units digit of 2076?
6
What is the hundreds digit of 667?
6
What is the tens digit of 4523?
2
What is the hundreds digit of 20952?
9
What is the units digit of 59718?
8
What is the thousands digit of 2443?
2
What is the tens digit of 12229?
2
What is the units digit of 10055?
5
What is the units digit of 26?
6
What is the tens digit of 43677?
7
What is the units digit of 21195?
5
What is the tens digit of 25917?
1
What is the hundreds digit of 5516?
5
What is the units digit of 1667?
7
What is the hundreds digit of 1297?
2
What is the tens digit of 45336?
3
What is the tens digit of 23959?
5
What is the tens digit of 841?
4
What is the thousands digit of 6367?
6
What is the tens digit of 67?
6
What is the tens digit of 1576?
7
What is the thousands digit of 2301?
2
What is the units digit of 4486?
6
What is the hundreds digit of 117950?
9
What is the hundreds digit of 419?
4
What is the ten thousands digit of 119743?
1
What is the hundreds digit of 33034?
0
What is the units digit of 2334?
4
What is the hundreds digit of 3284?
2
What is the units digit of 3246?
6
What is the thousands digit of 27669?
7
What is the hundreds digit of 49236?
2
What is the hundred thousands digit of 105201?
1
What is the hundreds digit of 10222?
2
What is the hundreds digit of 43233?
2
What is the units digit of 10446?
6
What is the thousands digit of 72917?
2
What is the units digit of 37837?
7
What is the tens digit of 221?
2
What is the hundreds digit of 1623?
6
What is the hundreds digit of 6464?
4
What is the units digit of 914?
4
What is the units digit of 23471?
1
What is the units digit of 4762?
2
What is the ten thousands digit of 27947?
2
What is the hundreds digit of 7774?
7
What is the hundreds digit of 2440?
4
What is the tens digit of 1139?
3
What is the tens digit of 1934?
3
What is the tens digit of 1671?
7
What is the ten thousands digit of 78939?
7
What is the tens digit of 7797?
9
What is the hundreds digit of 2895?
8
What is the units digit of 68?
8
What is the tens digit of 29021?
2
What is the units digit of 1087?
7
What is the hundreds digit of 1479?
4
What is the units digit of 20759?
9
What is the units digit of 4659?
9
What is the thousands digit of 2246?
2
What is the hundreds digit of 8573?
5
What is the thousands digit of 3125?
3
What is the thousands digit of 8556?
8
What is the tens digit of 25552?
5
What is the units digit of 547?
7
What is the ten thousands digit of 28827?
2
What is the units digit of 1717?
7
What is the tens digit of 301?
0
What is the tens digit of 27566?
6
What is the hundreds digit of 1034?
0
What is the thousands digit of 1566?
1
What is the hundreds digit of 995?
9
What is the thousands digit of 57732?
7
What is the units digit of 5277?
7
What is the hundreds digit of 2833?
8
What is the units digit of 1251?
1
What is the tens digit of 217?
1
What is the hundred thousands digit of 138251?
1
What is the tens digit of 31856?
5
What is the thousands digit of 2509?
2
What is the hundreds digit of 17285?
2
What is the units digit of 978?
8
What is the ten thousands digit of 113502?
1
What is the hundreds digit of 694?
6
What is the tens digit of 139216?
1
What is the tens digit of 1443?
4
What is the units digit of 1353?
3
What is the units digit of 11319?
9
What is the thousands digit of 6240?
6
What is the units digit of 2603?
3
What is the tens digit of 44?
4
What is the tens digit of 563?
6
What is the thousands digit of 8399?
8
What is the hundreds digit of 10030?
0
What is the units digit of 2915?
5
What is the units digit of 371?
1
What is the units digit of 623?
3
What is the hundreds digit of 23367?
3
What is the tens digit of 530?
3
What is the hundreds digit of 4530?
5
What is the tens digit of 11351?
5
What is the thousands digit of 10412?
0
What is the thousands digit of 5347?
5
What is the tens digit of 6519?
1
What is the hundreds digit of 6998?
9
What is the units digit of 6050?
0
What is the tens digit of 70613?
1
What is the tens digit of 5627?
2
What is the hundreds digit of 1021?
0
What is the thousands digit of 34312?
4
What is the units digit of 1439?
9
What is the hundreds digit of 1744?
7
What is the units digit of 5239?
9
What is the hundreds digit of 3898?
8
What is the units digit of 767?
7
What is the ten thousands digit of 25040?
2
What is the tens digit of 1969?
6
What is the thousands digit of 10868?
0
What is the thousands digit of 77152?
7
What is the ten thousands digit of 15274?
1
What is the units digit of 854?
4
What is the hundreds digit of 11348?
3
What is the hundreds digit of 10743?
7
What is the tens digit of 3437?
3
What is the tens digit of 1103?
0
What is the hundreds digit of 8001?
0
What is the hundreds digit of 327?
3
What is the thousands digit of 3215?
3
What is the hundreds digit of 869?
8
What is the hundreds digit of 2276?
2
What is the hundreds digit of 813?
8
What is the hundreds digit of 1431?
4
What is the tens digit of 1900?
0
What is the thousands digit of 7436?
7
What is the tens digit of 48639?
3
What is the units digit of 2044?
4
What is the tens digit of 778?
7
What is the hundreds digit of 5475?
4
What is the hundreds digit of 330?
3
What is the hundreds digit of 26013?
0
What is the thousands digit of 2787?
2
What is the thousands digit of 45884?
5
What is the units digit of 4842?
2
What is the tens digit of 22858?
5
What is the ten thousands digit of 48335?
4
What is the tens digit of 199?
9
What is the tens digit of 473?
7
What is the thousands digit of 1209?
1
What is the units digit of 82?
2
What is the units digit of 538?
8
What is the ten thousands digit of 87533?
8
What is the thousands digit of 1036?
1
What is the hundreds digit of 673?
6
What is the units digit of 19834?
4
What is the units digit of 1140?
0
What is the tens digit of 506?
0
What is the hundreds digit of 4445?
4
What is the thousands digit of 43637?
3
What is the hundreds digit of 839?
8
What is the ten thousands digit of 10093?
1
What is the units digit of 1737?
7
What is the units digit of 28623?
3
What is the hundreds digit of 124516?
5
What is the units digit of 1858?
8
What is the tens digit of 9472?
7
What is the units digit of 9882?
2
What is the hundreds digit of 363?
3
What is the units digit of 85491?
1
What is the tens digit of 21687?
8
What is the units digit of 2753?
3
What is the hundreds digit of 39443?
4
What is the thousands digit of 13531?
3
What is the hundreds digit of 126050?
0
What is the units digit of 1927?
7
What is the units digit of 1696?
6
What is the hundreds digit of 547?
5
What is the hundreds digit of 1909?
9
What is the thousands digit of 5688?
5
What is the thousands digit of 31483?
1
What is the hundreds digit of 1827?
8
What is the